s divided by k.
0
Let q(f) = -18*f**3 - 2*f**2 - 10*f - 7. Let d = -15 - -22. What is the remainder when q(-1) is divided by d?
5
Suppose -7*k = -3532 - 150. Suppose 0 = -36*q + k - 58. What is the remainder when 26 is divided by q?
0
Let k be (-1)/(-2)*(-4 + 8). Suppose -2*v + 12 - k = 0. Calculate the remainder when (14 + 1083/(-76))*(-30 - (-4)/2) is divided by v.
2
Let h be (-100)/(-60)*3/1. Suppose -3*v = h*q - 150, 2*v - v - 2*q = 50. Suppose 8*r = -10 + v. What is the remainder when r is divided by 5?
0
Let a(b) = -75*b + 4285. Calculate the remainder when (9/2)/(11/88) is divided by a(57).
6
Let g = -78 + 8. What is the remainder when 46 is divided by 1/((-12)/(-60) + 4/g)?
4
Let b = 47 - 29. Let y(p) be the first derivative of 7*p**3/3 + 2*p**2 + 2*p + 2. What is the remainder when y(-3) is divided by b?
17
Let n(w) = -8*w + 70. Let u be n(8). Suppose 5*x = 3*x + u, -3*x - 1 = -5*q. What is the remainder when 4 is divided by q?
0
Let s be (-12)/(-54) + (-156)/(-27). Suppose 0 = -3*t - 50 - 154. What is the remainder when 110 is divided by (1 - 4)*(2 + t/s)?
26
Suppose 0 = -2*d + 4*d + n - 38, 0 = -2*d - 5*n + 54. Let a = 70858 + -70727. Calculate the remainder when a is divided by d.
12
Suppose 60 = 114*b - 124*b. Calculate the remainder when (b/4)/(8/(-3744)) is divided by 47.
44
Suppose 31*r - 1014 = -46*r - r. What is the remainder when 429 is divided by r?
0
Suppose 0 = -2*i + 3*q + 1081, -5*i + 5*q - 8*q + 2671 = 0. What is the remainder when 1622 is divided by i?
14
Let y(x) = -x**2 - 6*x + 5. Let l = -2288 - -2325. What is the remainder when l is divided by y(-4)?
11
Let t = 1443 - 1140. Calculate the remainder when t is divided by 21.
9
Suppose 0 = 2*z - 16 + 14, 0 = 4*y + 4*z - 4524. What is the remainder when y is divided by 54?
50
What is the remainder when 230 is divided by (-4)/(-14)*623/4*(2 - -2)?
52
Let t(k) = k**2 + 2*k. Suppose 0 = -5*q + 2*n + 18, 5*q + 10 = 4*q - 3*n. Suppose q*m = -14 + 8. What is the remainder when t(m) is divided by 1?
0
Let y = -78 + 174. What is the remainder when 357 is divided by y?
69
Let f(i) = -9*i + 66. Let k(w) = -61*w + 45. Let y(v) = 12*v - 9. Let m(z) = 2*k(z) + 11*y(z). Calculate the remainder when m(7) is divided by f(5).
19
Let m = 395 - 178. Let a = 254 - m. Calculate the remainder when 181 is divided by a.
33
Suppose -2*z + 394*v - 387*v - 32 = 0, 0 = 4*v - 64. What is the remainder when (1/2)/(1/316) is divided by z?
38
Suppose 2*v + 10 = x, 16 = x + 3*x - 2*v. Let w(b) = -113 + 115 + 6*b**2 + 2*b**x. Calculate the remainder when w(4) is divided by 11.
9
Suppose -5 = 2*m - 11. Let j be (-4 - (-1 - (60 - 3))) + m. Let o = -10 + j. What is the remainder when o is divided by 6?
5
Suppose 2*m - 189 = 5*m. Let i = -37 - m. Let d = -8 + 15. What is the remainder when i is divided by d?
5
Suppose -2*y + 4*a + 554 = 0, -39*a = -2*y - 42*a + 526. What is the remainder when y is divided by 253?
16
Suppose 5*t - w = -1052, 2*w + 416 = t - 3*t. Let a = -181 - t. Suppose 720 = 6*c - c. Calculate the remainder when c is divided by a.
28
Suppose 5*t - 3*t = 2*f + 110, 5*f - 3*t = -273. Let s = -44 - f. Let u(i) = i**3 + 9*i**2 + 8*i - 16. What is the remainder when u(-7) is divided by s?
6
Let o = -336 - -332. What is the remainder when 61 is divided by (o + 9)*(132/(-30) - -5)?
1
Calculate the remainder when 125 is divided by 6*2/(-6)*(-17 + -3).
5
Let y(f) = 2*f**2 - f - 9. Let x(g) = g**2 + 12*g + 36. Let r be x(-8). Suppose -r + 25 = 7*b. What is the remainder when y(b) is divided by 3?
0
Let g(z) = 2*z**3 + 27*z**2 + 5*z + 6. Let a(y) = y**3 + 26*y**2 + 6*y + 5. Let l(d) = 4*a(d) - 3*g(d). What is the remainder when l(7) is divided by 85?
81
Suppose -3*g + 6 = -33. Let k = 233 + -283. What is the remainder when -58*(k/(-12) + -4)*-3 is divided by g?
3
Suppose -c + 4*d = -6308, 298 = -5*d + 263. Calculate the remainder when c is divided by 11.
10
Suppose 4*f + 18 = -26. Let y = 7 - f. Calculate the remainder when ((-8680)/38)/(-5) - (-648)/2052 is divided by y.
10
Let q = 2468 - 2379. Calculate the remainder when q is divided by 21.
5
Suppose -84*m + 88*m - 3203 = -5*l, 827 = m - 4*l. Calculate the remainder when m is divided by 30.
27
Let s be ((-1164)/(-10))/(-3 + 26/10). Let l = s + 323. Calculate the remainder when 38 is divided by l.
6
Let f be 12 - 6 - (-4 - -2). Suppose -f*y + 21 = -443. Calculate the remainder when y is divided by 32.
26
Suppose -3*n = -1 - 8. Suppose 8*r = 2*b + 3*r - 74, 111 = n*b + 5*r. Calculate the remainder when 69 is divided by b.
32
Calculate the remainder when 6/((6/(-36))/(-1)) is divided by (-6 - -9 - -2) + 0 + 15.
16
Let m be (-2)/7 + 516/42. Suppose 0 = -z - 5*a - 0 + m, -2*z - a = -6. Suppose 3*l - 54 = l - 4*t, 7 = l - z*t. Calculate the remainder when l is divided by 6.
5
Let n(m) = -5*m**2 - 243*m + 84. Calculate the remainder when n(-48) is divided by 109.
10
Suppose 83 = 2*z - 53. Calculate the remainder when z is divided by ((-6)/(-8))/(-13*(-9)/4212).
14
Let d(q) = -7*q + 56. Let w = -19 - -25. Calculate the remainder when d(w) is divided by 14.
0
Let u(f) = -1001*f + 11077. What is the remainder when 1333 is divided by u(11)?
13
Let l(b) = -2*b**3 + 5*b. Let h be l(-2). Suppose -h*m = -422 + 308. What is the remainder when 147 is divided by m?
14
Suppose 20*j + 5*w + 5 = 19*j, 14 = 2*j - 2*w. Suppose 5*f + j*r - 85 = 0, 14*r = f + 19*r - 21. Calculate the remainder when 155 is divided by f.
11
Let b = -4675 + 6127. Calculate the remainder when b is divided by 247.
217
Let c(h) = 7*h**3 + 39*h**2 + 12. Let z(y) = -8*y**3 - 38*y**2 - 12. Let j(w) = 6*c(w) + 5*z(w). Calculate the remainder when 18 is divided by j(-22).
6
Let r = 23 + -20. Let u(i) = -12*i**2 - 5 + 10*i + 9*i**3 + 4*i**2 + 8*i**3 - 18*i**r. Calculate the remainder when u(-10) is divided by 25.
20
Suppose 2*l - 6*l - 1178 = -2*b, l = -3*b + 1746. Calculate the remainder when b is divided by 53.
0
Suppose 56 + 1384 = 3*y. Suppose 8*h - 344 = y. What is the remainder when h is divided by 23?
11
Suppose -5*v - 4*t + 60 = 0, -2*v = -225*t + 222*t - 1. Calculate the remainder when 1022 is divided by v.
6
Let v = -14551 - -14557. Let a(t) = 2*t**2 + 2*t - 6. Calculate the remainder when a(4) is divided by v.
4
Let v = -10031 + 10111. What is the remainder when 792 is divided by v?
72
Suppose -57*f + 14919 - 11556 = 0. Let y = 5 - -1. Calculate the remainder when f is divided by y.
5
Suppose -1008 = -16*y + 11*y + 3*i, 0 = -3*y + i + 608. Let v = -199 + y. What is the remainder when 32 is divided by v?
2
Let k(p) = 2*p - 5. Suppose 0 = 21*a - 17*a - 16. Let t be k(a). Suppose t*x + 27 = 6*x. What is the remainder when x is divided by 6?
3
Let j = 5898 - 3991. Calculate the remainder when j is divided by 29.
22
Let u = 2298 + -1857. What is the remainder when u is divided by 12?
9
What is the remainder when (-4416)/40*20/(-6) is divided by 77?
60
Suppose 0 = 905*m - 918*m + 19136. Calculate the remainder when m is divided by 22.
20
Let i = 11644 + -10081. What is the remainder when i is divided by 23?
22
Suppose -176*h = 347*h - 1681968. Calculate the remainder when h is divided by 534.
12
Suppose -17*d = -44 - 201 - 197. Let x = 5 + -5. Suppose 3*t + 1 - 22 = x. Calculate the remainder when d is divided by t.
5
Suppose -z = 3*o - 25 - 9, -5*o = 5*z - 180. Suppose n - 31 = 3*w - 7, 3*w + 9 = 0. What is the remainder when z is divided by n?
7
Let q be (-1 - 12/(-4))/2*-1. What is the remainder when 70 is divided by 3/(30/172) - q/(-5)?
2
Let p(b) = b**2 - b + 1. Let u = -196 - -154. Let a = u + 65. Calculate the remainder when a is divided by p(4).
10
Let k = -154 + 422. Suppose -2*w + 90 = y, 3*y = -4*w - 3*y + 180. What is the remainder when k is divided by w?
43
Let s(g) = 13 - 3 + 8 - 2*g + 13. Calculate the remainder when 60 is divided by s(0).
29
Let y(z) = 29*z + 3. Let s = -43 + 65. Calculate the remainder when y(2) is divided by s.
17
Suppose -98 + 427 = 7*a. Suppose 3*w + n = 43, w + 2*n = -2*w + a. Suppose 0 = 4*c - 5*c + 3. What is the remainder when w is divided by c?
1
Suppose 2*g - 19 = 1. Suppose -18 - 21 = -f - 2*x, 3*x - 209 = -5*f. What is the remainder when f is divided by (-57)/(-15) - (-2)/g?
3
Calculate the remainder when (22 - (-2 + 3 + -2))*21 is divided by 16